1e3
In base 3, what is 1 - 101?
-100
In base 4, what is 10 - -22321?
22331
In base 12, what is 3816 + 5?
381b
In base 15, what is 1 + a97?
a98
In base 4, what is -303201 + -2?
-303203
In base 10, what is -9 + -14?
-23
In base 5, what is -432 - -22?
-410
In base 15, what is 3 + -2e9?
-2e6
In base 14, what is 18 + -37b?
-363
In base 2, what is 10 - -10000001?
10000011
In base 5, what is -3101 + 0?
-3101
In base 16, what is c - 1ad?
-1a1
In base 14, what is -387 - 3?
-38a
In base 5, what is 2 - -20240?
20242
In base 16, what is 71 + 2?
73
In base 13, what is -53 - -5c?
9
In base 8, what is -30 - 176?
-226
In base 2, what is -101 - 110111?
-111100
In base 14, what is -96 + -13?
-a9
In base 2, what is -1011111 + 11010011?
1110100
In base 7, what is -266 - -5?
-261
In base 16, what is 1b8 - 1?
1b7
In base 12, what is -52 - -27?
-27
In base 6, what is 15 + 4?
23
In base 2, what is -10001 + 11011?
1010
In base 13, what is 7c + 0?
7c
In base 15, what is -92 + 1?
-91
In base 6, what is -24 - 304?
-332
In base 7, what is 1 - -161?
162
In base 6, what is -414 - 150?
-1004
In base 5, what is 43102 - 12?
43040
In base 14, what is 2d + 7?
36
In base 15, what is -12 - -24?
12
In base 2, what is -100 - -10001100000110?
10001100000010
In base 13, what is 21 - c6?
-a5
In base 3, what is -2100 - -12?
-2011
In base 13, what is 3 - 80?
-7a
In base 8, what is -7 + -750?
-757
In base 3, what is 1121 + 2010?
10201
In base 9, what is -26 + 38?
12
In base 15, what is 16 + 15?
2b
In base 13, what is 1020 + 0?
1020
In base 15, what is -2da + -4?
-2de
In base 11, what is 104 + -10?
a4
In base 10, what is -3 - 218?
-221
In base 8, what is 173 + 4?
177
In base 9, what is 1 - 4758?
-4757
In base 3, what is -110012112 - -11?
-110012101
In base 15, what is 4 + -1e0?
-1db
In base 9, what is -21756 + -4?
-21761
In base 15, what is 6 - 2?
4
In base 10, what is 14 - -7?
21
In base 6, what is 3 - -3?
10
In base 4, what is -11 - -22232?
22221
In base 13, what is -36 + -9?
-42
In base 7, what is -5 + 35?
30
In base 12, what is 0 + -13?
-13
In base 14, what is 0 - -50?
50
In base 15, what is -2 + 1d?
1b
In base 14, what is 4 + 32a?
330
In base 12, what is -4 - -14?
10
In base 15, what is -368 + -4?
-36c
In base 4, what is 103021 + 11?
103032
In base 7, what is 3 - -12356?
12362
In base 15, what is 3 - -12a1?
12a4
In base 6, what is 32 + -411?
-335
In base 11, what is 3 + 34?
37
In base 14, what is -37 + 17?
-20
In base 4, what is 1102 + -11?
1031
In base 16, what is 5 + 8?
d
In base 5, what is -4 - 441?
-1000
In base 4, what is 0 + 12311?
12311
In base 6, what is 402 - -2?
404
In base 8, what is 605 + -4?
601
In base 12, what is 15 + 288?
2a1
In base 11, what is -548 - -4?
-544
In base 12, what is -81a + -2?
-820
In base 15, what is -4d13 + 5?
-4d0d
In base 13, what is -4 - 3?
-7
In base 10, what is 95 - 18?
77
In base 15, what is 0 - 127?
-127
In base 10, what is -99 - -2?
-97
In base 15, what is 1dd2 - 1?
1dd1
In base 5, what is -311 + 2?
-304
In base 5, what is 10 + 1413?
1423
In base 9, what is -7 + 1372?
1364
In base 5, what is 23014 + 11?
23030
In base 3, what is 121 + -21?
100
In base 14, what is c - 4?
8
In base 5, what is -2 - 20200?
-20202
In base 3, what is -212 + -20?
-1002
In base 16, what is -7 + -10?
-17
In base 2, what is 11 - -1001000111?
1001001010
In base 6, what is 25 + -145?
-120
In base 14, what is 31d2 + 1?
31d3
In base 12, what is 0 + -36?
-36
In base 16, what is -1c - -c?
-10
In base 14, what is -1 - 13a?
-13b
In base 14, what is 16 - 33?
-1b
In base 7, what is 1066 + -31?
1035
In base 8, what is 271 + 2?
273
In base 11, what is 5464 + -2?
5462
In base 16, what is 1 - 1e?
-1d
In base 3, what is 2001110 + 0?
2001110
In base 16, what is 4 + -17f?
-17b
In base 3, what is -21 - -20002?
12211
In base 16, what is -14 - -7?
-d
In base 11, what is 56 + 8?
63
In base 14, what is 50c + -1?
50b
In base 2, what is 10 - -101?
111
In base 16, what is -2b0 + 2?
-2ae
In base 8, what is -4012 - -2?
-4010
In base 13, what is 5 - 4b?
-46
In base 14, what is -245 + 4?
-241
In base 8, what is 147 - 20?
127
In base 3, what is -12 + -1000?
-1012
In base 16, what is 25 + 7?
2c
In base 4, what is -10 - -210?
200
In base 10, what is 56 - -292?
348
In base 14, what is -1 + 1db0?
1dad
In base 5, what is -2 + -323?
-330
In base 5, what is -10 + -1413?
-1423
In base 13, what is -92a + 0?
-92a
In base 4, what is 3212 - -1?
3213
In base 4, what is -1300 + 1?
-1233
In base 10, what is -1577 - -4?
-1573
In base 13, what is -810 - 1?
-811
In base 13, what is 8 + -4b?
-43
In base 9, what is 1 - -717?
718
In base 3, what is -2 + 11001?
10222
In base 13, what is 22 - 2?
20
In base 2, what is 1001 + -11010000?
-11000111
In base 14, what is -2 - 56?
-58
In base 3, what is 10 + 100210?
100220
In base 9, what is -11 - -151?
140
In base 5, what is 1114 + 2?
1121
In base 2, what is 0 - 10000001000?
-10000001000
In base 14, what is 0 + -dc?
-dc
In base 10, what is -6508 + 0?
-6508
In base 10, what is -29 + -91?
-120
In base 5, what is -4121 - 0?
-4121
In base 4, what is -231131 - 0?
-231131
In base 15, what is 36e + -1?
36d
In base 13, what is -2 + -40?
-42
In base 13, what is 5 + 33?
38
In base 15, what is 4 - -e2?
e6
In base 11, what is 5 - 59?
-54
In base 14, what is -3 + 8a8?
8a5
In base 9, what is 0 + 250?
250
In base 12, what is 7 - -2a?
35
In base 3, what is 122002 - 1010?
120222
In base 10, what is -5 - -32?
27
In base 14, what is -76c + -2?
-770
In base 10, what is 0 - 2316?
-2316
In base 4, what is -13122 + 301?
-12221
In base 12, what is -8 + -288?
-294
In base 5, what is 10 - -11?
21
In base 10, what is -2 + 213?
211
In base 8, what is -13 + 23?
10
In base 6, what is -544 + 0?
-544
In base 13, what is 24 - -5?
29
In base 8, what is 3 + 55?
60
In base 2, what is 1101101011000 - -101?
1101101011101
In base 7, what is -3 + -23?
-26
In base 5, what is 10 + 32?
42
In base 13, what is -6b + -39?
-a7
In base 11, what is 3 + -114?
-111
In base 3, what is 11 + -112221?
-112210
In base 6, what is 0 + 1325?
1325
In base 14, what is -4 + 1c3d?
1c39
In base 16, what is 5 + -2d?
-28
In base 6, what is 1041 + 130?
1211
In base 2, what is -10000001 + 101?
-1111100
In base 16, what is 3c + -d?
2f
In base 13, what is 220 - -2a?
24a
In base 11, what is -2 + -28?
-2a
In base 6, what is -3004 - 4?
-3012
In base 5, what is -21 - -343?
322
In base 12, what is 2 + -1a?
-18
In base 8, what is -1652 - 5?
-1657
In base 16, what is -1 + -86?
-87
In base 16, what is 1 + -43f?
-43e
In base 3, what is 22122 - 2?
22120
In base 16, what is 2 + 306?
308
In base 8, what is 2 - -12045?
12047
In base 12, what is 2 + -128?
-126
In base 5, what is 331 + -110?
221
In base 5, what is 1 - 4?
-3
In base 15, what is -1 + -1b?
-1c
In base 5, what is 131 - 3?
123
In base 4, what is 2 + -112112?
-112110
In base 10, what is -12 + 540?
528
In base 11, what is 9093 - 3?
9090
In base 12, what is -1110 - -5?
-1107
In base 13, what is 2 - -29?
2b
In base 6, what is 2 - -11041?
11043
In base 15, what is 2 - 37?
-35
In base 13, what is 0 - -7a3?
7a3
In base 3, what is -20 + -21211?
-22001
In base 14, what is 8 + 23?
2b
In base 13, what is a78 - -1?
a79
In base 15, what is 3 - -130?
133
In base 10, what is -3 - 154?
-157
In base 2, what is -101 + 1101110101?
1101110000
In base 11, what is -1 + 319?
318
In base 6, what is 3 - -125?
132
In base 8, what is -25 + -1?
-26
In base 11, what is -3 + 0?
-3
In base 9, what is 72 + 1?
73
In base 5, what is -1 + -241?
-242
In base 15, what is 577 + -2?
575
In base 8, what is 2 - -133?
135
In base 7, what is 1225 - 21?
1204
In base 5, what is 21 + -223?
-202
In base 11, what is -4 - 2962?
-2966
In base 14, what is -2 + 75?
73
In base 9, what is 0 - -2?
2
In base 3, what is 0 + -1121?
-1121
In base 9, what is 2131 - 3?
2127
In base 4, what is 2 + 11101?
11103
In base 3, what is -102110 + 2?
-102101
In base 11, what is 3 - -21?
24
In base 8, what is 3150 + 7?
3157
In base 5, what is 3 + -13?
-10
In base 9, what is 1 + 81?
82
In base 7, what is -30152 + 2?
-30150
In base 16, what is -4 - 24f?
-253
In base 3, what is -212111 + 111?
-212000
In base 4, what is 1113 + 131?
1310
In base 9, what is -4 - -521?
516
In base 9, what is 60 + -2?
57
In base 14, what is -10d - -33?
-ba
In base 8, what is 31141 + 5?
31146
